{"id":80,"date":"2023-01-11T15:42:55","date_gmt":"2023-01-11T14:42:55","guid":{"rendered":"http:\/\/gitarrenlehrer-claude-reeck.de\/neu\/?page_id=80"},"modified":"2023-01-11T15:42:56","modified_gmt":"2023-01-11T14:42:56","slug":"unterricht-und-preise-2","status":"publish","type":"page","link":"http:\/\/gitarrenlehrer-claude-reeck.de\/neu\/index.php\/unterricht-und-preise-2\/","title":{"rendered":"Unterricht und Preise"},"content":{"rendered":"\n<p>Der Unterricht findet \u00fcber den D\u00e4chern von Dresden, in meinem sonnigen Gitarrenstudio, auf der Behrischstra\u00dfe 35 statt.<\/p>\n\n\n\n<p>Montags, mittwochs und freitags k\u00f6nnen Sie einen w\u00f6chentlichen Einzelunterricht buchen.<\/p>\n\n\n\n<p><strong>Jahresabonnement:<\/strong> F\u00fcr ein Entgelt von <strong>90 Euro im Monat<\/strong> bekommen Sie 45 min. Gitarrenunterricht in der Woche. In den Schulferien findet in der Regel kein Unterricht statt.<\/p>\n\n\n\n<p><strong>Einzelstunde:<\/strong> Gitarristen, die ein besonderes St\u00fcck oder eine spezielle Fragestellung bearbeiten m\u00f6chten und keinen fortlaufenden Unterricht w\u00fcnschen k\u00f6nnen Einzeltermine \u00e0 <strong>40 Euro die 45 min. <\/strong>buchen.<\/p>\n\n\n\n<p><strong>Probestunde:<\/strong> ein kurzes Vorgespr\u00e4ch oder eine Probestunde (15 bis 30 min.) kann unentgeltlich vereinbart werden. Ein Telefonat oder eine Email gen\u00fcgen.<\/p>\n","protected":false},"excerpt":{"rendered":"<p>Der Unterricht findet \u00fcber den D\u00e4chern von Dresden, in meinem sonnigen Gitarrenstudio, auf der Behrischstra\u00dfe 35 statt. Montags, mittwochs und freitags k\u00f6nnen Sie einen w\u00f6chentlichen Einzelunterricht buchen. Jahresabonnement: F\u00fcr ein Entgelt von 90 Euro im Monat bekommen Sie 45 min. Gitarrenunterricht in der Woche. In den Schulferien findet in der Regel kein Unterricht statt. Einzelstunde: &hellip; <\/p>\n<p class=\"link-more\"><a href=\"http:\/\/gitarrenlehrer-claude-reeck.de\/neu\/index.php\/unterricht-und-preise-2\/\" class=\"more-link\"><span class=\"screen-reader-text\">\u201eUnterricht und Preise\u201c<\/span> weiterlesen<\/a><\/p>\n","protected":false},"author":1,"featured_media":0,"parent":0,"menu_order":0,"comment_status":"closed","ping_status":"closed","template":"","meta":{"ngg_post_thumbnail":0},"_links":{"self":[{"href":"http:\/\/gitarrenlehrer-claude-reeck.de\/neu\/index.php\/wp-json\/wp\/v2\/pages\/80"}],"collection":[{"href":"http:\/\/gitarrenlehrer-claude-reeck.de\/neu\/index.php\/wp-json\/wp\/v2\/pages"}],"about":[{"href":"http:\/\/gitarrenlehrer-claude-reeck.de\/neu\/index.php\/wp-json\/wp\/v2\/types\/page"}],"author":[{"embeddable":true,"href":"http:\/\/gitarrenlehrer-claude-reeck.de\/neu\/index.php\/wp-json\/wp\/v2\/users\/1"}],"replies":[{"embeddable":true,"href":"http:\/\/gitarrenlehrer-claude-reeck.de\/neu\/index.php\/wp-json\/wp\/v2\/comments?post=80"}],"version-history":[{"count":4,"href":"http:\/\/gitarrenlehrer-claude-reeck.de\/neu\/index.php\/wp-json\/wp\/v2\/pages\/80\/revisions"}],"predecessor-version":[{"id":116,"href":"http:\/\/gitarrenlehrer-claude-reeck.de\/neu\/index.php\/wp-json\/wp\/v2\/pages\/80\/revisions\/116"}],"wp:attachment":[{"href":"http:\/\/gitarrenlehrer-claude-reeck.de\/neu\/index.php\/wp-json\/wp\/v2\/media?parent=80"}],"curies":[{"name":"wp","href":"https:\/\/api.w.org\/{rel}","templated":true}]}}